{"id":23,"date":"2025-12-22T13:36:22","date_gmt":"2025-12-22T13:36:22","guid":{"rendered":"https:\/\/antigravity.net.br\/home\/"},"modified":"2026-01-09T18:27:45","modified_gmt":"2026-01-09T18:27:45","slug":"home","status":"publish","type":"page","link":"https:\/\/antigravity.net.br\/","title":{"rendered":"Inicio"},"content":{"rendered":"<div style=\"width: 1920px;\" class=\"wp-video\"><video class=\"wp-video-shortcode\" id=\"video-23-1\" width=\"1920\" height=\"988\" loop autoplay preload=\"auto\" controls=\"controls\"><source type=\"video\/mp4\" src=\"http:\/\/antigravity.net.br\/wp-content\/uploads\/2026\/01\/pc.mp4?_=1\" \/><a href=\"http:\/\/antigravity.net.br\/wp-content\/uploads\/2026\/01\/pc.mp4\">http:\/\/antigravity.net.br\/wp-content\/uploads\/2026\/01\/pc.mp4<\/a><\/video><\/div>\n<p><a href=\"http:\/\/antigravity.net.br\/wp-content\/uploads\/2025\/12\/en.png\"><img decoding=\"async\" class=\"alignleft\" src=\"http:\/\/antigravity.net.br\/wp-content\/uploads\/2025\/12\/en.png\" alt=\"\" width=\"246\" height=\"53\" \/><\/a><\/p>\n<h2><\/h2>\n<h2 style=\"text-align: center;\">\u00a0 \u00a0 \u00a0O PRIMEIRO DRONE DO MUNDo em 360\u00b9<\/h2>\n<div style=\"width: 640px;\" class=\"wp-video\"><video class=\"wp-video-shortcode\" id=\"video-23-2\" width=\"640\" height=\"360\" preload=\"metadata\" controls=\"controls\"><source type=\"video\/mp4\" src=\"http:\/\/antigravity.net.br\/wp-content\/uploads\/2026\/01\/Antigravity-_-Dont-Let-Gravity-Keep-You-Down.mp4?_=2\" \/><a href=\"http:\/\/antigravity.net.br\/wp-content\/uploads\/2026\/01\/Antigravity-_-Dont-Let-Gravity-Keep-You-Down.mp4\">http:\/\/antigravity.net.br\/wp-content\/uploads\/2026\/01\/Antigravity-_-Dont-Let-Gravity-Keep-You-Down.mp4<\/a><\/video><\/div>\n<p style=\"margin: 0 0 16px; align-items: center; font-size: 16px; line-height: 30.6px; min-height: 92px; white-space: pre-line;\">Os pilotos podem obter uma vis\u00e3o panor\u00e2mica do drone em qualquer dire\u00e7\u00e3o que desejarem,<br \/>\ncriando uma experi\u00eancia mais imersiva.<\/p>\n<p>Revista Time<\/p>\n<p style=\"margin: 0 0 16px; align-items: center; font-size: 16px; line-height: 30.6px; min-height: 92px; white-space: pre-line; font-family: 'Noto Sans Mono','Noto Sans SC','Helvetica Neue',Helvetica,Arial,sans-serif;\">Uma nova e empolgante abordagem para equipamentos j\u00e1 conhecidos.<\/p>\n<p>Peter McKinnon<br \/>\nCineasta e YouTuber<\/p>\n<p style=\"margin: 0 0 16px; align-items: center; font-size: 16px; line-height: 30.6px; min-height: 92px; white-space: pre-line; font-family: 'Noto Sans Mono','Noto Sans SC','Helvetica Neue',Helvetica,Arial,sans-serif;\">O drone da Antigravity \u00e9 o UAV mais empolgante que j\u00e1 pilotei em anos.<br \/>\nN\u00e3o \u00e9 comum ver algo t\u00e3o diferente nesse segmento.<\/p>\n<p>Andy Zahn<br \/>\nRedator de an\u00e1lises t\u00e9cnicas para o SlashGear<\/p>\n<h2>O FUTURO EST\u00c1 EM CIMA<\/h2>\n<p><a href=\"#\"><br \/>\nSaber mais<br \/>\n<\/a><\/p>\n<h2 style=\"padding: 0; margin: 0; font-size: 40px; line-height: 48px; letter-spacing: 0.05em; font-family: 'Yapari Variable Trial', 'Noto Sans SC', 'Helvetica Neue', Helvetica, Arial, sans-serif; font-weight: 500; text-transform: uppercase; color: #000000;\">Sobre<\/h2>\n<p style=\"padding: 0; margin: 20px 0 32px; font-family: 'Noto Sans Mono', 'Noto Sans SC', 'Helvetica Neue', Helvetica, Arial, sans-serif; font-size: 14px; font-weight: 400; line-height: 22.4px; color: #000000;\">Incubada pela Insta360 e fundada por entusiastas e engenheiros de drones cansados de drones que pareciam bons no papel, mas davam uma sensa\u00e7\u00e3o de in\u00e9rcia no ar, a Antigravity foi criada com uma \u00fanica miss\u00e3o: fazer com que voar pare\u00e7a menos trabalho e mais uma experi\u00eancia maravilhosa.<\/p>\n<p><img fetchpriority=\"high\" decoding=\"async\" src=\"http:\/\/antigravity.net.br\/wp-content\/uploads\/2026\/01\/bg2-1024x656.jpg\" sizes=\"(max-width: 1024px) 100vw, 1024px\" srcset=\"https:\/\/antigravity.net.br\/wp-content\/uploads\/2026\/01\/bg2-1024x656.jpg 1024w, https:\/\/antigravity.net.br\/wp-content\/uploads\/2026\/01\/bg2-300x192.jpg 300w, https:\/\/antigravity.net.br\/wp-content\/uploads\/2026\/01\/bg2-768x492.jpg 768w, https:\/\/antigravity.net.br\/wp-content\/uploads\/2026\/01\/bg2-600x385.jpg 600w, https:\/\/antigravity.net.br\/wp-content\/uploads\/2026\/01\/bg2.jpg 1248w\" alt=\"\" width=\"1024\" height=\"656\" \/><\/p>\n","protected":false},"excerpt":{"rendered":"<p>\u00a0 \u00a0 \u00a0O PRIMEIRO DRONE DO MUNDo em 360\u00b9 http:\/\/antigravity.net.br\/wp-content\/uploads\/2026\/01\/Antigravity-_-Dont-Let-Gravity-Keep-You-Down.mp4 Os pilotos podem obter uma vis\u00e3o panor\u00e2mica do drone em qualquer dire\u00e7\u00e3o que desejarem, criando uma experi\u00eancia mais imersiva. Revista Time Uma nova e empolgante abordagem para equipamentos j\u00e1 conhecidos. Peter McKinnon Cineasta e YouTuber O drone da Antigravity \u00e9 o UAV mais empolgante que [&hellip;]<\/p>\n","protected":false},"author":1,"featured_media":0,"parent":0,"menu_order":0,"comment_status":"closed","ping_status":"closed","template":"","meta":{"footnotes":""},"class_list":["post-23","page","type-page","status-publish","hentry"],"_hostinger_reach_plugin_has_subscription_block":false,"_hostinger_reach_plugin_is_elementor":false,"_links":{"self":[{"href":"https:\/\/antigravity.net.br\/index.php?rest_route=\/wp\/v2\/pages\/23","targetHints":{"allow":["GET"]}}],"collection":[{"href":"https:\/\/antigravity.net.br\/index.php?rest_route=\/wp\/v2\/pages"}],"about":[{"href":"https:\/\/antigravity.net.br\/index.php?rest_route=\/wp\/v2\/types\/page"}],"author":[{"embeddable":true,"href":"https:\/\/antigravity.net.br\/index.php?rest_route=\/wp\/v2\/users\/1"}],"replies":[{"embeddable":true,"href":"https:\/\/antigravity.net.br\/index.php?rest_route=%2Fwp%2Fv2%2Fcomments&post=23"}],"version-history":[{"count":25,"href":"https:\/\/antigravity.net.br\/index.php?rest_route=\/wp\/v2\/pages\/23\/revisions"}],"predecessor-version":[{"id":119,"href":"https:\/\/antigravity.net.br\/index.php?rest_route=\/wp\/v2\/pages\/23\/revisions\/119"}],"wp:attachment":[{"href":"https:\/\/antigravity.net.br\/index.php?rest_route=%2Fwp%2Fv2%2Fmedia&parent=23"}],"curies":[{"name":"wp","href":"https:\/\/api.w.org\/{rel}","templated":true}]}}